{"id":544,"date":"2020-04-02T10:06:49","date_gmt":"2020-04-02T10:06:49","guid":{"rendered":"https:\/\/spacious-free-farm-demo.sites.qsandbox.com\/?page_id=21"},"modified":"2022-11-03T03:59:21","modified_gmt":"2022-11-03T03:59:21","slug":"about","status":"publish","type":"page","link":"https:\/\/www.voda-topeni-cerny.cz\/","title":{"rendered":"\u00davod"},"content":{"rendered":"\t\t<div data-elementor-type=\"wp-page\" data-elementor-id=\"544\" class=\"elementor elementor-544\">\n\t\t\t\t\t\t<section class=\"elementor-section elementor-top-section elementor-element elementor-element-36afe5b elementor-section-boxed elementor-section-height-default elementor-section-height-default\" data-id=\"36afe5b\" data-element_type=\"section\" data-e-type=\"section\" data-settings=\"{&quot;background_background&quot;:&quot;classic&quot;,&quot;shape_divider_top&quot;:&quot;opacity-tilt&quot;,&quot;shape_divider_bottom&quot;:&quot;opacity-tilt&quot;}\">\n\t\t\t\t\t<div class=\"elementor-shape elementor-shape-top\" aria-hidden=\"true\" data-negative=\"false\">\n\t\t\t<svg xmlns=\"http:\/\/www.w3.org\/2000\/svg\" viewBox=\"0 0 2600 131.1\" preserveAspectRatio=\"none\">\n\t<path class=\"elementor-shape-fill\" d=\"M0 0L2600 0 2600 69.1 0 0z\"\/>\n\t<path class=\"elementor-shape-fill\" style=\"opacity:0.5\" d=\"M0 0L2600 0 2600 69.1 0 69.1z\"\/>\n\t<path class=\"elementor-shape-fill\" style=\"opacity:0.25\" d=\"M2600 0L0 0 0 130.1 2600 69.1z\"\/>\n<\/svg>\t\t<\/div>\n\t\t\t\t<div class=\"elementor-shape elementor-shape-bottom\" aria-hidden=\"true\" data-negative=\"false\">\n\t\t\t<svg xmlns=\"http:\/\/www.w3.org\/2000\/svg\" viewBox=\"0 0 2600 131.1\" preserveAspectRatio=\"none\">\n\t<path class=\"elementor-shape-fill\" d=\"M0 0L2600 0 2600 69.1 0 0z\"\/>\n\t<path class=\"elementor-shape-fill\" style=\"opacity:0.5\" d=\"M0 0L2600 0 2600 69.1 0 69.1z\"\/>\n\t<path class=\"elementor-shape-fill\" style=\"opacity:0.25\" d=\"M2600 0L0 0 0 130.1 2600 69.1z\"\/>\n<\/svg>\t\t<\/div>\n\t\t\t\t\t<div class=\"elementor-container elementor-column-gap-default\">\n\t\t\t\t\t<div class=\"elementor-column elementor-col-100 elementor-top-column elementor-element elementor-element-8ea02ae elementor-invisible\" data-id=\"8ea02ae\" data-element_type=\"column\" data-e-type=\"column\" data-settings=\"{&quot;animation&quot;:&quot;fadeInLeft&quot;}\">\n\t\t\t<div class=\"elementor-widget-wrap elementor-element-populated\">\n\t\t\t\t\t\t<div class=\"elementor-element elementor-element-edff3d7 elementor-widget elementor-widget-heading\" data-id=\"edff3d7\" data-element_type=\"widget\" data-e-type=\"widget\" data-widget_type=\"heading.default\">\n\t\t\t\t<div class=\"elementor-widget-container\">\n\t\t\t\t\t<h5 class=\"elementor-heading-title elementor-size-default\">\u00davod<\/h5>\t\t\t\t<\/div>\n\t\t\t\t<\/div>\n\t\t\t\t\t<\/div>\n\t\t<\/div>\n\t\t\t\t\t<\/div>\n\t\t<\/section>\n\t\t\t\t<section class=\"elementor-section elementor-top-section elementor-element elementor-element-1aaaa0e elementor-section-boxed elementor-section-height-default elementor-section-height-default\" data-id=\"1aaaa0e\" data-element_type=\"section\" data-e-type=\"section\">\n\t\t\t\t\t\t<div class=\"elementor-container elementor-column-gap-default\">\n\t\t\t\t\t<div class=\"elementor-column elementor-col-100 elementor-top-column elementor-element elementor-element-8ae2f33\" data-id=\"8ae2f33\" data-element_type=\"column\" data-e-type=\"column\">\n\t\t\t<div class=\"elementor-widget-wrap elementor-element-populated\">\n\t\t\t\t\t\t<div class=\"elementor-element elementor-element-c3a8034 elementor-widget elementor-widget-spacer\" data-id=\"c3a8034\" data-element_type=\"widget\" data-e-type=\"widget\" data-widget_type=\"spacer.default\">\n\t\t\t\t<div class=\"elementor-widget-container\">\n\t\t\t\t\t\t\t<div class=\"elementor-spacer\">\n\t\t\t<div class=\"elementor-spacer-inner\"><\/div>\n\t\t<\/div>\n\t\t\t\t\t\t<\/div>\n\t\t\t\t<\/div>\n\t\t\t\t\t<\/div>\n\t\t<\/div>\n\t\t\t\t\t<\/div>\n\t\t<\/section>\n\t\t\t\t<section class=\"elementor-section elementor-top-section elementor-element elementor-element-78af09e elementor-section-boxed elementor-section-height-default elementor-section-height-default elementor-invisible\" data-id=\"78af09e\" data-element_type=\"section\" data-e-type=\"section\" data-settings=\"{&quot;animation&quot;:&quot;zoomIn&quot;}\">\n\t\t\t\t\t\t<div class=\"elementor-container elementor-column-gap-default\">\n\t\t\t\t\t<div class=\"elementor-column elementor-col-33 elementor-top-column elementor-element elementor-element-2d02219 elementor-invisible\" data-id=\"2d02219\" data-element_type=\"column\" data-e-type=\"column\" data-settings=\"{&quot;animation&quot;:&quot;fadeInRight&quot;}\">\n\t\t\t<div class=\"elementor-widget-wrap elementor-element-populated\">\n\t\t\t\t\t\t<div class=\"elementor-element elementor-element-d3f3f63 elementor-widget elementor-widget-image\" data-id=\"d3f3f63\" data-element_type=\"widget\" data-e-type=\"widget\" data-widget_type=\"image.default\">\n\t\t\t\t<div class=\"elementor-widget-container\">\n\t\t\t\t\t\t\t\t\t\t\t\t\t\t\t<img fetchpriority=\"high\" decoding=\"async\" width=\"225\" height=\"300\" src=\"https:\/\/www.voda-topeni-cerny.cz\/wp-content\/uploads\/2022\/11\/04obrazek-225x300.jpg\" class=\"attachment-medium size-medium wp-image-985\" alt=\"\" srcset=\"https:\/\/www.voda-topeni-cerny.cz\/wp-content\/uploads\/2022\/11\/04obrazek-225x300.jpg 225w, https:\/\/www.voda-topeni-cerny.cz\/wp-content\/uploads\/2022\/11\/04obrazek-767x1024.jpg 767w, https:\/\/www.voda-topeni-cerny.cz\/wp-content\/uploads\/2022\/11\/04obrazek-768x1025.jpg 768w, https:\/\/www.voda-topeni-cerny.cz\/wp-content\/uploads\/2022\/11\/04obrazek-1150x1536.jpg 1150w, https:\/\/www.voda-topeni-cerny.cz\/wp-content\/uploads\/2022\/11\/04obrazek.jpg 1504w\" sizes=\"(max-width: 225px) 100vw, 225px\" \/>\t\t\t\t\t\t\t\t\t\t\t\t\t\t\t<\/div>\n\t\t\t\t<\/div>\n\t\t\t\t\t<\/div>\n\t\t<\/div>\n\t\t\t\t<div class=\"elementor-column elementor-col-33 elementor-top-column elementor-element elementor-element-4f836e4\" data-id=\"4f836e4\" data-element_type=\"column\" data-e-type=\"column\">\n\t\t\t<div class=\"elementor-widget-wrap elementor-element-populated\">\n\t\t\t\t\t\t<div class=\"elementor-element elementor-element-1f9001c elementor-widget elementor-widget-text-editor\" data-id=\"1f9001c\" data-element_type=\"widget\" data-e-type=\"widget\" data-widget_type=\"text-editor.default\">\n\t\t\t\t<div class=\"elementor-widget-container\">\n\t\t\t\t\t\t\t\t\t<h5><strong>\u00a0 \u00a0 \u00a0 \u00a0 Firma ISTALAT\u00c9RSTV\u00cd V\u00e1clav \u010cern\u00fd m\u00e1 mnohalet\u00e9 zku\u0161enosti v oblastech dod\u00e1vek za\u0159\u00edzen\u00ed pro rozvody vody a odpad\u016f, d\u00e1le \u00fast\u0159edn\u00edch vyt\u00e1p\u011bn\u00ed a ve\u0161ker\u00fdch z\u00e1le\u017eitost\u00ed s t\u00edm spojen\u00fdch. Na\u0161\u00edm hlavn\u00ed c\u00edlem je spokojenost z\u00e1kazn\u00edka! Klademe velk\u00fd d\u016fraz na po\u017eadavky a pot\u0159eby na\u0161ich klient\u016f, abychom mohli vyhov\u011bt ve\u0161ker\u00fdm jejich p\u0159edstav\u00e1m.<\/strong><\/h5><h5><strong>\u00a0 \u00a0 \u00a0 \u00a0 Dod\u00e1v\u00e1me a montujeme standardn\u00ed a ov\u011b\u0159en\u00e9 materi\u00e1ly jak od \u010desk\u00fdch, tak od zahrani\u010dn\u00edch dodavatel\u016f. St\u00e1le hl\u00edd\u00e1me nov\u00e9 produkty t\u011bchto firem a \u00fa\u010dastn\u00edme se mnoh\u00fdch \u0161kolen\u00ed o nov\u00fdch technologi\u00edch, abychom mohli pro v\u00e1s neust\u00e1le roz\u0161i\u0159ovat na\u0161\u00ed nab\u00eddku.<\/strong><br \/><strong>Na\u0161e firma p\u016fsob\u00ed v Mari\u00e1nsk\u00fdch L\u00e1zn\u00edch, Karlov\u00fdch Varech a cel\u00e9m jejich okol\u00ed. Samoz\u0159ejmost\u00ed je z\u00e1ru\u010dn\u00ed a poz\u00e1ru\u010dn\u00ed servis n\u00e1mi montovan\u00fdch za\u0159\u00edzen\u00ed.<br \/>\u00a0<\/strong><\/h5><h3 style=\"text-align: center;\"><strong><span style=\"color: #008080;\"><em>T\u011b\u0161\u00edme se na budouc\u00ed spolupr\u00e1ci s V\u00e1mi.<\/em><\/span><\/strong><\/h3>\t\t\t\t\t\t\t\t<\/div>\n\t\t\t\t<\/div>\n\t\t\t\t\t<\/div>\n\t\t<\/div>\n\t\t\t\t<div class=\"elementor-column elementor-col-33 elementor-top-column elementor-element elementor-element-525058c elementor-invisible\" data-id=\"525058c\" data-element_type=\"column\" data-e-type=\"column\" data-settings=\"{&quot;animation&quot;:&quot;fadeInLeft&quot;}\">\n\t\t\t<div class=\"elementor-widget-wrap elementor-element-populated\">\n\t\t\t\t\t\t<div class=\"elementor-element elementor-element-d94f524 elementor-widget elementor-widget-image\" data-id=\"d94f524\" data-element_type=\"widget\" data-e-type=\"widget\" data-widget_type=\"image.default\">\n\t\t\t\t<div class=\"elementor-widget-container\">\n\t\t\t\t\t\t\t\t\t\t\t\t\t\t\t<img decoding=\"async\" width=\"225\" height=\"300\" src=\"https:\/\/www.voda-topeni-cerny.cz\/wp-content\/uploads\/2022\/11\/06obrazek-225x300.jpg\" class=\"attachment-medium size-medium wp-image-987\" alt=\"\" srcset=\"https:\/\/www.voda-topeni-cerny.cz\/wp-content\/uploads\/2022\/11\/06obrazek-225x300.jpg 225w, https:\/\/www.voda-topeni-cerny.cz\/wp-content\/uploads\/2022\/11\/06obrazek-767x1024.jpg 767w, https:\/\/www.voda-topeni-cerny.cz\/wp-content\/uploads\/2022\/11\/06obrazek-768x1025.jpg 768w, https:\/\/www.voda-topeni-cerny.cz\/wp-content\/uploads\/2022\/11\/06obrazek-1150x1536.jpg 1150w, https:\/\/www.voda-topeni-cerny.cz\/wp-content\/uploads\/2022\/11\/06obrazek.jpg 1504w\" sizes=\"(max-width: 225px) 100vw, 225px\" \/>\t\t\t\t\t\t\t\t\t\t\t\t\t\t\t<\/div>\n\t\t\t\t<\/div>\n\t\t\t\t\t<\/div>\n\t\t<\/div>\n\t\t\t\t\t<\/div>\n\t\t<\/section>\n\t\t\t\t<section class=\"elementor-section elementor-top-section elementor-element elementor-element-374885f elementor-section-boxed elementor-section-height-default elementor-section-height-default elementor-invisible\" data-id=\"374885f\" data-element_type=\"section\" data-e-type=\"section\" data-settings=\"{&quot;animation&quot;:&quot;fadeInDown&quot;}\">\n\t\t\t\t\t\t<div class=\"elementor-container elementor-column-gap-default\">\n\t\t\t\t\t<div class=\"elementor-column elementor-col-100 elementor-top-column elementor-element elementor-element-1234752\" data-id=\"1234752\" data-element_type=\"column\" data-e-type=\"column\">\n\t\t\t<div class=\"elementor-widget-wrap elementor-element-populated\">\n\t\t\t\t\t\t<div class=\"elementor-element elementor-element-acc3c6a elementor-arrows-position-inside elementor-pagination-position-outside elementor-widget elementor-widget-image-carousel\" data-id=\"acc3c6a\" data-element_type=\"widget\" data-e-type=\"widget\" data-settings=\"{&quot;pause_on_hover&quot;:&quot;no&quot;,&quot;autoplay_speed&quot;:4000,&quot;navigation&quot;:&quot;both&quot;,&quot;autoplay&quot;:&quot;yes&quot;,&quot;pause_on_interaction&quot;:&quot;yes&quot;,&quot;infinite&quot;:&quot;yes&quot;,&quot;speed&quot;:500}\" data-widget_type=\"image-carousel.default\">\n\t\t\t\t<div class=\"elementor-widget-container\">\n\t\t\t\t\t\t\t<div class=\"elementor-image-carousel-wrapper swiper\" role=\"region\" aria-roledescription=\"carousel\" aria-label=\"Obr\u00e1zkov\u00fd koloto\u010d\" dir=\"ltr\">\n\t\t\t<div class=\"elementor-image-carousel swiper-wrapper\" aria-live=\"off\">\n\t\t\t\t\t\t\t\t<div class=\"swiper-slide\" role=\"group\" aria-roledescription=\"slide\" aria-label=\"1 z 5\"><a data-elementor-open-lightbox=\"yes\" data-elementor-lightbox-slideshow=\"acc3c6a\" data-elementor-lightbox-title=\"www.voda-topeni-cerny.cz\" data-e-action-hash=\"#elementor-action%3Aaction%3Dlightbox%26settings%3DeyJpZCI6OTg4LCJ1cmwiOiJodHRwczpcL1wvd3d3LnZvZGEtdG9wZW5pLWNlcm55LmN6XC93cC1jb250ZW50XC91cGxvYWRzXC8yMDIyXC8xMVwvMDdvYnJhemVrLmpwZyIsInNsaWRlc2hvdyI6ImFjYzNjNmEifQ%3D%3D\" href=\"https:\/\/www.voda-topeni-cerny.cz\/wp-content\/uploads\/2022\/11\/07obrazek.jpg\"><figure class=\"swiper-slide-inner\"><img decoding=\"async\" class=\"swiper-slide-image\" src=\"https:\/\/www.voda-topeni-cerny.cz\/wp-content\/uploads\/2022\/11\/07obrazek-768x1025.jpg\" alt=\"www.voda-topeni-cerny.cz\" \/><\/figure><\/a><\/div><div class=\"swiper-slide\" role=\"group\" aria-roledescription=\"slide\" aria-label=\"2 z 5\"><a data-elementor-open-lightbox=\"yes\" data-elementor-lightbox-slideshow=\"acc3c6a\" data-elementor-lightbox-title=\"www.voda-topeni-cerny.cz\" data-e-action-hash=\"#elementor-action%3Aaction%3Dlightbox%26settings%3DeyJpZCI6OTg1LCJ1cmwiOiJodHRwczpcL1wvd3d3LnZvZGEtdG9wZW5pLWNlcm55LmN6XC93cC1jb250ZW50XC91cGxvYWRzXC8yMDIyXC8xMVwvMDRvYnJhemVrLmpwZyIsInNsaWRlc2hvdyI6ImFjYzNjNmEifQ%3D%3D\" href=\"https:\/\/www.voda-topeni-cerny.cz\/wp-content\/uploads\/2022\/11\/04obrazek.jpg\"><figure class=\"swiper-slide-inner\"><img decoding=\"async\" class=\"swiper-slide-image\" src=\"https:\/\/www.voda-topeni-cerny.cz\/wp-content\/uploads\/2022\/11\/04obrazek-768x1025.jpg\" alt=\"www.voda-topeni-cerny.cz\" \/><\/figure><\/a><\/div><div class=\"swiper-slide\" role=\"group\" aria-roledescription=\"slide\" aria-label=\"3 z 5\"><a data-elementor-open-lightbox=\"yes\" data-elementor-lightbox-slideshow=\"acc3c6a\" data-elementor-lightbox-title=\"www.voda-topeni-cerny.cz\" data-e-action-hash=\"#elementor-action%3Aaction%3Dlightbox%26settings%3DeyJpZCI6OTg3LCJ1cmwiOiJodHRwczpcL1wvd3d3LnZvZGEtdG9wZW5pLWNlcm55LmN6XC93cC1jb250ZW50XC91cGxvYWRzXC8yMDIyXC8xMVwvMDZvYnJhemVrLmpwZyIsInNsaWRlc2hvdyI6ImFjYzNjNmEifQ%3D%3D\" href=\"https:\/\/www.voda-topeni-cerny.cz\/wp-content\/uploads\/2022\/11\/06obrazek.jpg\"><figure class=\"swiper-slide-inner\"><img decoding=\"async\" class=\"swiper-slide-image\" src=\"https:\/\/www.voda-topeni-cerny.cz\/wp-content\/uploads\/2022\/11\/06obrazek-768x1025.jpg\" alt=\"www.voda-topeni-cerny.cz\" \/><\/figure><\/a><\/div><div class=\"swiper-slide\" role=\"group\" aria-roledescription=\"slide\" aria-label=\"4 z 5\"><a data-elementor-open-lightbox=\"yes\" data-elementor-lightbox-slideshow=\"acc3c6a\" data-elementor-lightbox-title=\"www.voda-topeni-cerny.cz\" data-e-action-hash=\"#elementor-action%3Aaction%3Dlightbox%26settings%3DeyJpZCI6OTg2LCJ1cmwiOiJodHRwczpcL1wvd3d3LnZvZGEtdG9wZW5pLWNlcm55LmN6XC93cC1jb250ZW50XC91cGxvYWRzXC8yMDIyXC8xMVwvMDVvYnJhemVrLmpwZyIsInNsaWRlc2hvdyI6ImFjYzNjNmEifQ%3D%3D\" href=\"https:\/\/www.voda-topeni-cerny.cz\/wp-content\/uploads\/2022\/11\/05obrazek.jpg\"><figure class=\"swiper-slide-inner\"><img decoding=\"async\" class=\"swiper-slide-image\" src=\"https:\/\/www.voda-topeni-cerny.cz\/wp-content\/uploads\/2022\/11\/05obrazek-768x1025.jpg\" alt=\"www.voda-topeni-cerny.cz\" \/><\/figure><\/a><\/div><div class=\"swiper-slide\" role=\"group\" aria-roledescription=\"slide\" aria-label=\"5 z 5\"><a data-elementor-open-lightbox=\"yes\" data-elementor-lightbox-slideshow=\"acc3c6a\" data-elementor-lightbox-title=\"www.voda-topeni-cerny.cz\" data-e-action-hash=\"#elementor-action%3Aaction%3Dlightbox%26settings%3DeyJpZCI6OTg0LCJ1cmwiOiJodHRwczpcL1wvd3d3LnZvZGEtdG9wZW5pLWNlcm55LmN6XC93cC1jb250ZW50XC91cGxvYWRzXC8yMDIyXC8xMVwvMDNvYnJhemVrLmpwZyIsInNsaWRlc2hvdyI6ImFjYzNjNmEifQ%3D%3D\" href=\"https:\/\/www.voda-topeni-cerny.cz\/wp-content\/uploads\/2022\/11\/03obrazek.jpg\"><figure class=\"swiper-slide-inner\"><img decoding=\"async\" class=\"swiper-slide-image\" src=\"https:\/\/www.voda-topeni-cerny.cz\/wp-content\/uploads\/2022\/11\/03obrazek-768x1025.jpg\" alt=\"www.voda-topeni-cerny.cz\" \/><\/figure><\/a><\/div>\t\t\t<\/div>\n\t\t\t\t\t\t\t\t\t\t\t\t<div class=\"elementor-swiper-button elementor-swiper-button-prev\" role=\"button\" tabindex=\"0\">\n\t\t\t\t\t\t<i aria-hidden=\"true\" class=\"fas fa-caret-left\"><\/i>\t\t\t\t\t<\/div>\n\t\t\t\t\t<div class=\"elementor-swiper-button elementor-swiper-button-next\" role=\"button\" tabindex=\"0\">\n\t\t\t\t\t\t<i aria-hidden=\"true\" class=\"fas fa-caret-right\"><\/i>\t\t\t\t\t<\/div>\n\t\t\t\t\n\t\t\t\t\t\t\t\t\t<div class=\"swiper-pagination\"><\/div>\n\t\t\t\t\t\t\t\t\t<\/div>\n\t\t\t\t\t\t<\/div>\n\t\t\t\t<\/div>\n\t\t\t\t\t<\/div>\n\t\t<\/div>\n\t\t\t\t\t<\/div>\n\t\t<\/section>\n\t\t\t\t<\/div>\n\t\t","protected":false},"excerpt":{"rendered":"<p>\u00davod \u00a0 \u00a0 \u00a0 \u00a0 Firma ISTALAT\u00c9RSTV\u00cd V\u00e1clav \u010cern\u00fd m\u00e1 mnohalet\u00e9 zku\u0161enosti v oblastech dod\u00e1vek za\u0159\u00edzen\u00ed pro rozvody vody a odpad\u016f, d\u00e1le \u00fast\u0159edn\u00edch vyt\u00e1p\u011bn\u00ed a ve\u0161ker\u00fdch z\u00e1le\u017eitost\u00ed s t\u00edm spojen\u00fdch. Na\u0161\u00edm hlavn\u00ed c\u00edlem je spokojenost z\u00e1kazn\u00edka! Klademe velk\u00fd d\u016fraz na<\/p>\n","protected":false},"author":1,"featured_media":0,"parent":0,"menu_order":0,"comment_status":"closed","ping_status":"closed","template":"page-templates\/page-builder.php","meta":{"_monsterinsights_skip_tracking":false,"_monsterinsights_sitenote_active":false,"_monsterinsights_sitenote_note":"","_monsterinsights_sitenote_category":0,"footnotes":""},"class_list":["post-544","page","type-page","status-publish","hentry"],"yoast_head":"<!-- This site is optimized with the Yoast SEO plugin v27.5 - https:\/\/yoast.com\/product\/yoast-seo-wordpress\/ -->\n<title>\u00davod - V\u00e1clav \u010cern\u00fd - instalat\u00e9r - Mari\u00e1nsk\u00e9 L\u00e1zn\u011b<\/title>\n<meta name=\"description\" content=\"Firma INSTALAT\u00c9RSTV\u00cd V\u00e1clav \u010cern\u00fd m\u00e1 mnohalet\u00e9 zku\u0161enosti v oblastech dod\u00e1vek za\u0159\u00edzen\u00ed pro rozvody vody a odpad\u016f\" \/>\n<meta name=\"robots\" content=\"index, follow, max-snippet:-1, max-image-preview:large, max-video-preview:-1\" \/>\n<link rel=\"canonical\" href=\"https:\/\/www.voda-topeni-cerny.cz\/\" \/>\n<meta property=\"og:locale\" content=\"cs_CZ\" \/>\n<meta property=\"og:type\" content=\"article\" \/>\n<meta property=\"og:title\" content=\"\u00davod - V\u00e1clav \u010cern\u00fd - instalat\u00e9r - Mari\u00e1nsk\u00e9 L\u00e1zn\u011b\" \/>\n<meta property=\"og:description\" content=\"Firma INSTALAT\u00c9RSTV\u00cd V\u00e1clav \u010cern\u00fd m\u00e1 mnohalet\u00e9 zku\u0161enosti v oblastech dod\u00e1vek za\u0159\u00edzen\u00ed pro rozvody vody a odpad\u016f\" \/>\n<meta property=\"og:url\" content=\"https:\/\/www.voda-topeni-cerny.cz\/\" \/>\n<meta property=\"og:site_name\" content=\"V\u00e1clav \u010cern\u00fd - instalat\u00e9r - Mari\u00e1nsk\u00e9 L\u00e1zn\u011b\" \/>\n<meta property=\"article:modified_time\" content=\"2022-11-03T03:59:21+00:00\" \/>\n<meta property=\"og:image\" content=\"http:\/\/www.voda-topeni-cerny.cz\/wp-content\/uploads\/2022\/11\/04obrazek-225x300.jpg\" \/>\n<meta name=\"twitter:card\" content=\"summary_large_image\" \/>\n<meta name=\"twitter:label1\" content=\"Odhadovan\u00e1 doba \u010dten\u00ed\" \/>\n\t<meta name=\"twitter:data1\" content=\"4 minuty\" \/>\n<script type=\"application\/ld+json\" class=\"yoast-schema-graph\">{\"@context\":\"https:\\\/\\\/schema.org\",\"@graph\":[{\"@type\":\"WebPage\",\"@id\":\"https:\\\/\\\/www.voda-topeni-cerny.cz\\\/\",\"url\":\"https:\\\/\\\/www.voda-topeni-cerny.cz\\\/\",\"name\":\"\u00davod - V\u00e1clav \u010cern\u00fd - instalat\u00e9r - Mari\u00e1nsk\u00e9 L\u00e1zn\u011b\",\"isPartOf\":{\"@id\":\"https:\\\/\\\/www.voda-topeni-cerny.cz\\\/#website\"},\"primaryImageOfPage\":{\"@id\":\"https:\\\/\\\/www.voda-topeni-cerny.cz\\\/#primaryimage\"},\"image\":{\"@id\":\"https:\\\/\\\/www.voda-topeni-cerny.cz\\\/#primaryimage\"},\"thumbnailUrl\":\"http:\\\/\\\/www.voda-topeni-cerny.cz\\\/wp-content\\\/uploads\\\/2022\\\/11\\\/04obrazek-225x300.jpg\",\"datePublished\":\"2020-04-02T10:06:49+00:00\",\"dateModified\":\"2022-11-03T03:59:21+00:00\",\"description\":\"Firma INSTALAT\u00c9RSTV\u00cd V\u00e1clav \u010cern\u00fd m\u00e1 mnohalet\u00e9 zku\u0161enosti v oblastech dod\u00e1vek za\u0159\u00edzen\u00ed pro rozvody vody a odpad\u016f\",\"breadcrumb\":{\"@id\":\"https:\\\/\\\/www.voda-topeni-cerny.cz\\\/#breadcrumb\"},\"inLanguage\":\"cs\",\"potentialAction\":[{\"@type\":\"ReadAction\",\"target\":[\"https:\\\/\\\/www.voda-topeni-cerny.cz\\\/\"]}]},{\"@type\":\"ImageObject\",\"inLanguage\":\"cs\",\"@id\":\"https:\\\/\\\/www.voda-topeni-cerny.cz\\\/#primaryimage\",\"url\":\"http:\\\/\\\/www.voda-topeni-cerny.cz\\\/wp-content\\\/uploads\\\/2022\\\/11\\\/04obrazek-225x300.jpg\",\"contentUrl\":\"http:\\\/\\\/www.voda-topeni-cerny.cz\\\/wp-content\\\/uploads\\\/2022\\\/11\\\/04obrazek-225x300.jpg\"},{\"@type\":\"BreadcrumbList\",\"@id\":\"https:\\\/\\\/www.voda-topeni-cerny.cz\\\/#breadcrumb\",\"itemListElement\":[{\"@type\":\"ListItem\",\"position\":1,\"name\":\"Dom\u016f\",\"item\":\"https:\\\/\\\/www.voda-topeni-cerny.cz\\\/\"},{\"@type\":\"ListItem\",\"position\":2,\"name\":\"\u00davod\"}]},{\"@type\":\"WebSite\",\"@id\":\"https:\\\/\\\/www.voda-topeni-cerny.cz\\\/#website\",\"url\":\"https:\\\/\\\/www.voda-topeni-cerny.cz\\\/\",\"name\":\"V\u00e1clav \u010cern\u00fd - instalat\u00e9r - Mari\u00e1nsk\u00e9 L\u00e1zn\u011b\",\"description\":\"Instalat\u00e9rstv\u00ed V\u00e1clav \u010cern\u00fd - Mari\u00e1nsk\u00e9 L\u00e1zn\u011b\",\"publisher\":{\"@id\":\"https:\\\/\\\/www.voda-topeni-cerny.cz\\\/#organization\"},\"potentialAction\":[{\"@type\":\"SearchAction\",\"target\":{\"@type\":\"EntryPoint\",\"urlTemplate\":\"https:\\\/\\\/www.voda-topeni-cerny.cz\\\/?s={search_term_string}\"},\"query-input\":{\"@type\":\"PropertyValueSpecification\",\"valueRequired\":true,\"valueName\":\"search_term_string\"}}],\"inLanguage\":\"cs\"},{\"@type\":\"Organization\",\"@id\":\"https:\\\/\\\/www.voda-topeni-cerny.cz\\\/#organization\",\"name\":\"V\u00e1clav \u010cern\u00fd - instalat\u00e9r - Mari\u00e1nsk\u00e9 L\u00e1zn\u011b\",\"url\":\"https:\\\/\\\/www.voda-topeni-cerny.cz\\\/\",\"logo\":{\"@type\":\"ImageObject\",\"inLanguage\":\"cs\",\"@id\":\"https:\\\/\\\/www.voda-topeni-cerny.cz\\\/#\\\/schema\\\/logo\\\/image\\\/\",\"url\":\"https:\\\/\\\/www.voda-topeni-cerny.cz\\\/wp-content\\\/uploads\\\/2022\\\/10\\\/cerny-logo.bmp\",\"contentUrl\":\"https:\\\/\\\/www.voda-topeni-cerny.cz\\\/wp-content\\\/uploads\\\/2022\\\/10\\\/cerny-logo.bmp\",\"width\":252,\"height\":67,\"caption\":\"V\u00e1clav \u010cern\u00fd - instalat\u00e9r - Mari\u00e1nsk\u00e9 L\u00e1zn\u011b\"},\"image\":{\"@id\":\"https:\\\/\\\/www.voda-topeni-cerny.cz\\\/#\\\/schema\\\/logo\\\/image\\\/\"}}]}<\/script>\n<!-- \/ Yoast SEO plugin. -->","yoast_head_json":{"title":"\u00davod - V\u00e1clav \u010cern\u00fd - instalat\u00e9r - Mari\u00e1nsk\u00e9 L\u00e1zn\u011b","description":"Firma INSTALAT\u00c9RSTV\u00cd V\u00e1clav \u010cern\u00fd m\u00e1 mnohalet\u00e9 zku\u0161enosti v oblastech dod\u00e1vek za\u0159\u00edzen\u00ed pro rozvody vody a odpad\u016f","robots":{"index":"index","follow":"follow","max-snippet":"max-snippet:-1","max-image-preview":"max-image-preview:large","max-video-preview":"max-video-preview:-1"},"canonical":"https:\/\/www.voda-topeni-cerny.cz\/","og_locale":"cs_CZ","og_type":"article","og_title":"\u00davod - V\u00e1clav \u010cern\u00fd - instalat\u00e9r - Mari\u00e1nsk\u00e9 L\u00e1zn\u011b","og_description":"Firma INSTALAT\u00c9RSTV\u00cd V\u00e1clav \u010cern\u00fd m\u00e1 mnohalet\u00e9 zku\u0161enosti v oblastech dod\u00e1vek za\u0159\u00edzen\u00ed pro rozvody vody a odpad\u016f","og_url":"https:\/\/www.voda-topeni-cerny.cz\/","og_site_name":"V\u00e1clav \u010cern\u00fd - instalat\u00e9r - Mari\u00e1nsk\u00e9 L\u00e1zn\u011b","article_modified_time":"2022-11-03T03:59:21+00:00","og_image":[{"url":"http:\/\/www.voda-topeni-cerny.cz\/wp-content\/uploads\/2022\/11\/04obrazek-225x300.jpg","type":"","width":"","height":""}],"twitter_card":"summary_large_image","twitter_misc":{"Odhadovan\u00e1 doba \u010dten\u00ed":"4 minuty"},"schema":{"@context":"https:\/\/schema.org","@graph":[{"@type":"WebPage","@id":"https:\/\/www.voda-topeni-cerny.cz\/","url":"https:\/\/www.voda-topeni-cerny.cz\/","name":"\u00davod - V\u00e1clav \u010cern\u00fd - instalat\u00e9r - Mari\u00e1nsk\u00e9 L\u00e1zn\u011b","isPartOf":{"@id":"https:\/\/www.voda-topeni-cerny.cz\/#website"},"primaryImageOfPage":{"@id":"https:\/\/www.voda-topeni-cerny.cz\/#primaryimage"},"image":{"@id":"https:\/\/www.voda-topeni-cerny.cz\/#primaryimage"},"thumbnailUrl":"http:\/\/www.voda-topeni-cerny.cz\/wp-content\/uploads\/2022\/11\/04obrazek-225x300.jpg","datePublished":"2020-04-02T10:06:49+00:00","dateModified":"2022-11-03T03:59:21+00:00","description":"Firma INSTALAT\u00c9RSTV\u00cd V\u00e1clav \u010cern\u00fd m\u00e1 mnohalet\u00e9 zku\u0161enosti v oblastech dod\u00e1vek za\u0159\u00edzen\u00ed pro rozvody vody a odpad\u016f","breadcrumb":{"@id":"https:\/\/www.voda-topeni-cerny.cz\/#breadcrumb"},"inLanguage":"cs","potentialAction":[{"@type":"ReadAction","target":["https:\/\/www.voda-topeni-cerny.cz\/"]}]},{"@type":"ImageObject","inLanguage":"cs","@id":"https:\/\/www.voda-topeni-cerny.cz\/#primaryimage","url":"http:\/\/www.voda-topeni-cerny.cz\/wp-content\/uploads\/2022\/11\/04obrazek-225x300.jpg","contentUrl":"http:\/\/www.voda-topeni-cerny.cz\/wp-content\/uploads\/2022\/11\/04obrazek-225x300.jpg"},{"@type":"BreadcrumbList","@id":"https:\/\/www.voda-topeni-cerny.cz\/#breadcrumb","itemListElement":[{"@type":"ListItem","position":1,"name":"Dom\u016f","item":"https:\/\/www.voda-topeni-cerny.cz\/"},{"@type":"ListItem","position":2,"name":"\u00davod"}]},{"@type":"WebSite","@id":"https:\/\/www.voda-topeni-cerny.cz\/#website","url":"https:\/\/www.voda-topeni-cerny.cz\/","name":"V\u00e1clav \u010cern\u00fd - instalat\u00e9r - Mari\u00e1nsk\u00e9 L\u00e1zn\u011b","description":"Instalat\u00e9rstv\u00ed V\u00e1clav \u010cern\u00fd - Mari\u00e1nsk\u00e9 L\u00e1zn\u011b","publisher":{"@id":"https:\/\/www.voda-topeni-cerny.cz\/#organization"},"potentialAction":[{"@type":"SearchAction","target":{"@type":"EntryPoint","urlTemplate":"https:\/\/www.voda-topeni-cerny.cz\/?s={search_term_string}"},"query-input":{"@type":"PropertyValueSpecification","valueRequired":true,"valueName":"search_term_string"}}],"inLanguage":"cs"},{"@type":"Organization","@id":"https:\/\/www.voda-topeni-cerny.cz\/#organization","name":"V\u00e1clav \u010cern\u00fd - instalat\u00e9r - Mari\u00e1nsk\u00e9 L\u00e1zn\u011b","url":"https:\/\/www.voda-topeni-cerny.cz\/","logo":{"@type":"ImageObject","inLanguage":"cs","@id":"https:\/\/www.voda-topeni-cerny.cz\/#\/schema\/logo\/image\/","url":"https:\/\/www.voda-topeni-cerny.cz\/wp-content\/uploads\/2022\/10\/cerny-logo.bmp","contentUrl":"https:\/\/www.voda-topeni-cerny.cz\/wp-content\/uploads\/2022\/10\/cerny-logo.bmp","width":252,"height":67,"caption":"V\u00e1clav \u010cern\u00fd - instalat\u00e9r - Mari\u00e1nsk\u00e9 L\u00e1zn\u011b"},"image":{"@id":"https:\/\/www.voda-topeni-cerny.cz\/#\/schema\/logo\/image\/"}}]}},"_links":{"self":[{"href":"https:\/\/www.voda-topeni-cerny.cz\/index.php?rest_route=\/wp\/v2\/pages\/544","targetHints":{"allow":["GET"]}}],"collection":[{"href":"https:\/\/www.voda-topeni-cerny.cz\/index.php?rest_route=\/wp\/v2\/pages"}],"about":[{"href":"https:\/\/www.voda-topeni-cerny.cz\/index.php?rest_route=\/wp\/v2\/types\/page"}],"author":[{"embeddable":true,"href":"https:\/\/www.voda-topeni-cerny.cz\/index.php?rest_route=\/wp\/v2\/users\/1"}],"replies":[{"embeddable":true,"href":"https:\/\/www.voda-topeni-cerny.cz\/index.php?rest_route=%2Fwp%2Fv2%2Fcomments&post=544"}],"version-history":[{"count":147,"href":"https:\/\/www.voda-topeni-cerny.cz\/index.php?rest_route=\/wp\/v2\/pages\/544\/revisions"}],"predecessor-version":[{"id":1376,"href":"https:\/\/www.voda-topeni-cerny.cz\/index.php?rest_route=\/wp\/v2\/pages\/544\/revisions\/1376"}],"wp:attachment":[{"href":"https:\/\/www.voda-topeni-cerny.cz\/index.php?rest_route=%2Fwp%2Fv2%2Fmedia&parent=544"}],"curies":[{"name":"wp","href":"https:\/\/api.w.org\/{rel}","templated":true}]}}